{"id":2270,"date":"2025-02-02T13:16:24","date_gmt":"2025-02-02T13:16:24","guid":{"rendered":"https:\/\/coldskate.com.br\/home\/?post_type=product&#038;p=2270"},"modified":"2025-10-23T14:39:07","modified_gmt":"2025-10-23T14:39:07","slug":"cold-annual-book-2025-respeito","status":"publish","type":"product","link":"https:\/\/coldskate.com.br\/home\/produto\/cold-annual-book-2025-respeito\/","title":{"rendered":"COLD Annual Book 2025 &#8211; RESPEITO"},"content":{"rendered":"<h3><span style=\"color: #ff0000;\">PR\u00c9 VENDA &#8211; Valor promocional!<\/span><\/h3>\n<h3>Edi\u00e7\u00e3o especial 15 anos.<\/h3>\n<p>Tamanh0 21 x 29 cm<\/p>\n<p>Impress\u00e3o em pap\u00e9l couche 170 gramas com verniz fosco<\/p>\n<p>300 p\u00e1ginas.<\/p>\n<p>Chegamos aos 15 anos cumprindo nossa miss\u00e3o e compromisso de manter o impresso vivo. Preservamos o respeito pela m\u00eddia impressa, promovendo acessibilidade e igualdade, sempre honrando aqueles que vieram antes.<br \/>\n<strong>Afinal RESPEITO N\u00c3O \u00c9 ESCOLHA \u00c9 OBRIGA\u00c7\u00c3O.<\/strong><br \/>\nO que voc\u00ea faz hoje s\u00f3 \u00e9 poss\u00edvel gra\u00e7as a quem veio antes de voc\u00ea. Cada impulso, cada manobra, carrega o suor dos mais velhos, daqueles que, em tempos dif\u00edceis, nunca se venderam ao sistema e pavimentaram a estrada que voc\u00ea percorre hoje.<\/p>\n<p>\u201cHeverton Ribeiro \u201c<\/p>\n<p><strong>Fot\u00f3grafos convidados:<\/strong><\/p>\n<p>Heverton Ribeiro<br \/>\nMichael burnout<br \/>\nGrant Brittain<br \/>\nJaime Owens<br \/>\nAnthony Acosta<br \/>\nAnderson Tuca<br \/>\nLuan Tanaka<br \/>\nPipa Souza<br \/>\nGabriel Peralta<br \/>\nTauana Sofia<br \/>\nAna Paula Negr\u00e3o<\/p>\n<p><strong>Skaters convidados:<\/strong><\/p>\n<p>Tony Hawk, natas Caupas, Vitoria Bortolo, JohnCardiel, Lizzie Armando, Leo Romero, Grant Taylor, Christian Hosoi, Brice Wettstain, Steve Rocco, Karen Jonz, Jaime Thomas, Adelmo Jr, Milton Martinez, Luiz Francisco, Steve caballero, mark gonzales, Steve Olson, entre outros<\/p>\n","protected":false},"excerpt":{"rendered":"<p>Cold Anual Book 2022 &#8211; IGUALDADE.<\/p>\n<p>100 p\u00e1ginas.<\/p>\n<p>Capa Dura.<\/p>\n","protected":false},"featured_media":2280,"template":"","meta":{"_acf_changed":false,"_joinchat":[]},"product_brand":[],"product_cat":[56],"product_tag":[],"class_list":{"0":"post-2270","1":"product","2":"type-product","3":"status-publish","4":"has-post-thumbnail","6":"product_cat-books","8":"first","9":"instock","10":"shipping-taxable","11":"purchasable","12":"product-type-simple"},"acf":[],"yoast_head":"<!-- This site is optimized with the Yoast SEO plugin v21.0 - https:\/\/yoast.com\/wordpress\/plugins\/seo\/ -->\n<title>COLD Annual Book 2025 - RESPEITO - Cold Skateboard<\/title>\n<meta name=\"description\" content=\"PR\u00c9 VENDA \u2013 Valor promocional! Edi\u00e7\u00e3o especial 15 anos. 300 p\u00e1ginas. Chegamos aos 15 anos cumprindo nossa miss\u00e3o e compromisso de manter o impresso vivo.\" \/>\n<meta name=\"robots\" content=\"index, follow, max-snippet:-1, max-image-preview:large, max-video-preview:-1\" \/>\n<link rel=\"canonical\" href=\"https:\/\/coldskate.com.br\/home\/produto\/cold-annual-book-2025-respeito\/\" \/>\n<meta property=\"og:locale\" content=\"pt_BR\" \/>\n<meta property=\"og:type\" content=\"article\" \/>\n<meta property=\"og:title\" content=\"COLD Annual Book 2025 - RESPEITO - Cold Skateboard\" \/>\n<meta property=\"og:description\" content=\"PR\u00c9 VENDA \u2013 Valor promocional! Edi\u00e7\u00e3o especial 15 anos. 300 p\u00e1ginas. Chegamos aos 15 anos cumprindo nossa miss\u00e3o e compromisso de manter o impresso vivo.\" \/>\n<meta property=\"og:url\" content=\"https:\/\/coldskate.com.br\/home\/produto\/cold-annual-book-2025-respeito\/\" \/>\n<meta property=\"og:site_name\" content=\"Cold Skateboard\" \/>\n<meta property=\"article:publisher\" content=\"https:\/\/www.facebook.com\/coldskateboard\" \/>\n<meta property=\"article:modified_time\" content=\"2025-10-23T14:39:07+00:00\" \/>\n<meta property=\"og:image\" content=\"https:\/\/coldskate.com.br\/home\/wp-content\/uploads\/2025\/02\/Screen-Shot-2025-01-30-at-15.37.31-copy.jpeg\" \/>\n\t<meta property=\"og:image:width\" content=\"1589\" \/>\n\t<meta property=\"og:image:height\" content=\"1042\" \/>\n\t<meta property=\"og:image:type\" content=\"image\/jpeg\" \/>\n<meta name=\"twitter:card\" content=\"summary_large_image\" \/>\n<meta name=\"twitter:image\" content=\"https:\/\/coldskate.com.br\/home\/wp-content\/uploads\/2025\/02\/Screen-Shot-2025-01-30-at-15.37.31-copy.jpeg\" \/>\n<meta name=\"twitter:label1\" content=\"Est. tempo de leitura\" \/>\n\t<meta name=\"twitter:data1\" content=\"1 minuto\" \/>\n<script type=\"application\/ld+json\" class=\"yoast-schema-graph\">{\"@context\":\"https:\/\/schema.org\",\"@graph\":[{\"@type\":\"WebPage\",\"@id\":\"https:\/\/coldskate.com.br\/home\/produto\/cold-annual-book-2025-respeito\/\",\"url\":\"https:\/\/coldskate.com.br\/home\/produto\/cold-annual-book-2025-respeito\/\",\"name\":\"COLD Annual Book 2025 - RESPEITO - Cold Skateboard\",\"isPartOf\":{\"@id\":\"https:\/\/coldskate.com.br\/home\/#website\"},\"datePublished\":\"2025-02-02T13:16:24+00:00\",\"dateModified\":\"2025-10-23T14:39:07+00:00\",\"description\":\"PR\u00c9 VENDA \u2013 Valor promocional! Edi\u00e7\u00e3o especial 15 anos. 300 p\u00e1ginas. Chegamos aos 15 anos cumprindo nossa miss\u00e3o e compromisso de manter o impresso vivo.\",\"breadcrumb\":{\"@id\":\"https:\/\/coldskate.com.br\/home\/produto\/cold-annual-book-2025-respeito\/#breadcrumb\"},\"inLanguage\":\"pt-BR\",\"potentialAction\":[{\"@type\":\"ReadAction\",\"target\":[\"https:\/\/coldskate.com.br\/home\/produto\/cold-annual-book-2025-respeito\/\"]}]},{\"@type\":\"BreadcrumbList\",\"@id\":\"https:\/\/coldskate.com.br\/home\/produto\/cold-annual-book-2025-respeito\/#breadcrumb\",\"itemListElement\":[{\"@type\":\"ListItem\",\"position\":1,\"name\":\"In\u00edcio\",\"item\":\"https:\/\/coldskate.com.br\/home\/\"},{\"@type\":\"ListItem\",\"position\":2,\"name\":\"Loja\",\"item\":\"https:\/\/coldskate.com.br\/home\/loja\/\"},{\"@type\":\"ListItem\",\"position\":3,\"name\":\"COLD Annual Book 2025 &#8211; RESPEITO\"}]},{\"@type\":\"WebSite\",\"@id\":\"https:\/\/coldskate.com.br\/home\/#website\",\"url\":\"https:\/\/coldskate.com.br\/home\/\",\"name\":\"Cold Skateboard\",\"description\":\"\",\"publisher\":{\"@id\":\"https:\/\/coldskate.com.br\/home\/#organization\"},\"potentialAction\":[{\"@type\":\"SearchAction\",\"target\":{\"@type\":\"EntryPoint\",\"urlTemplate\":\"https:\/\/coldskate.com.br\/home\/?s={search_term_string}\"},\"query-input\":\"required name=search_term_string\"}],\"inLanguage\":\"pt-BR\"},{\"@type\":\"Organization\",\"@id\":\"https:\/\/coldskate.com.br\/home\/#organization\",\"name\":\"Cold Skateboard\",\"url\":\"https:\/\/coldskate.com.br\/home\/\",\"logo\":{\"@type\":\"ImageObject\",\"inLanguage\":\"pt-BR\",\"@id\":\"https:\/\/coldskate.com.br\/home\/#\/schema\/logo\/image\/\",\"url\":\"https:\/\/coldskate.com.br\/home\/wp-content\/uploads\/2022\/05\/cold_mag_FINAL_ALTA.png\",\"contentUrl\":\"https:\/\/coldskate.com.br\/home\/wp-content\/uploads\/2022\/05\/cold_mag_FINAL_ALTA.png\",\"width\":2668,\"height\":1129,\"caption\":\"Cold Skateboard\"},\"image\":{\"@id\":\"https:\/\/coldskate.com.br\/home\/#\/schema\/logo\/image\/\"},\"sameAs\":[\"https:\/\/www.facebook.com\/coldskateboard\",\"https:\/\/instagram.com\/instacold\",\"https:\/\/vm.tiktok.com\/ZMLTeqrnV\/?k=1\",\"https:\/\/youtube.com\/channel\/UCQTCHC2Wp7CseSuLugRsGog\"]}]}<\/script>\n<!-- \/ Yoast SEO plugin. -->","yoast_head_json":{"title":"COLD Annual Book 2025 - RESPEITO - Cold Skateboard","description":"PR\u00c9 VENDA \u2013 Valor promocional! Edi\u00e7\u00e3o especial 15 anos. 300 p\u00e1ginas. Chegamos aos 15 anos cumprindo nossa miss\u00e3o e compromisso de manter o impresso vivo.","robots":{"index":"index","follow":"follow","max-snippet":"max-snippet:-1","max-image-preview":"max-image-preview:large","max-video-preview":"max-video-preview:-1"},"canonical":"https:\/\/coldskate.com.br\/home\/produto\/cold-annual-book-2025-respeito\/","og_locale":"pt_BR","og_type":"article","og_title":"COLD Annual Book 2025 - RESPEITO - Cold Skateboard","og_description":"PR\u00c9 VENDA \u2013 Valor promocional! Edi\u00e7\u00e3o especial 15 anos. 300 p\u00e1ginas. Chegamos aos 15 anos cumprindo nossa miss\u00e3o e compromisso de manter o impresso vivo.","og_url":"https:\/\/coldskate.com.br\/home\/produto\/cold-annual-book-2025-respeito\/","og_site_name":"Cold Skateboard","article_publisher":"https:\/\/www.facebook.com\/coldskateboard","article_modified_time":"2025-10-23T14:39:07+00:00","og_image":[{"width":1589,"height":1042,"url":"https:\/\/coldskate.com.br\/home\/wp-content\/uploads\/2025\/02\/Screen-Shot-2025-01-30-at-15.37.31-copy.jpeg","type":"image\/jpeg"}],"twitter_card":"summary_large_image","twitter_image":"https:\/\/coldskate.com.br\/home\/wp-content\/uploads\/2025\/02\/Screen-Shot-2025-01-30-at-15.37.31-copy.jpeg","twitter_misc":{"Est. tempo de leitura":"1 minuto"},"schema":{"@context":"https:\/\/schema.org","@graph":[{"@type":"WebPage","@id":"https:\/\/coldskate.com.br\/home\/produto\/cold-annual-book-2025-respeito\/","url":"https:\/\/coldskate.com.br\/home\/produto\/cold-annual-book-2025-respeito\/","name":"COLD Annual Book 2025 - RESPEITO - Cold Skateboard","isPartOf":{"@id":"https:\/\/coldskate.com.br\/home\/#website"},"datePublished":"2025-02-02T13:16:24+00:00","dateModified":"2025-10-23T14:39:07+00:00","description":"PR\u00c9 VENDA \u2013 Valor promocional! Edi\u00e7\u00e3o especial 15 anos. 300 p\u00e1ginas. Chegamos aos 15 anos cumprindo nossa miss\u00e3o e compromisso de manter o impresso vivo.","breadcrumb":{"@id":"https:\/\/coldskate.com.br\/home\/produto\/cold-annual-book-2025-respeito\/#breadcrumb"},"inLanguage":"pt-BR","potentialAction":[{"@type":"ReadAction","target":["https:\/\/coldskate.com.br\/home\/produto\/cold-annual-book-2025-respeito\/"]}]},{"@type":"BreadcrumbList","@id":"https:\/\/coldskate.com.br\/home\/produto\/cold-annual-book-2025-respeito\/#breadcrumb","itemListElement":[{"@type":"ListItem","position":1,"name":"In\u00edcio","item":"https:\/\/coldskate.com.br\/home\/"},{"@type":"ListItem","position":2,"name":"Loja","item":"https:\/\/coldskate.com.br\/home\/loja\/"},{"@type":"ListItem","position":3,"name":"COLD Annual Book 2025 &#8211; RESPEITO"}]},{"@type":"WebSite","@id":"https:\/\/coldskate.com.br\/home\/#website","url":"https:\/\/coldskate.com.br\/home\/","name":"Cold Skateboard","description":"","publisher":{"@id":"https:\/\/coldskate.com.br\/home\/#organization"},"potentialAction":[{"@type":"SearchAction","target":{"@type":"EntryPoint","urlTemplate":"https:\/\/coldskate.com.br\/home\/?s={search_term_string}"},"query-input":"required name=search_term_string"}],"inLanguage":"pt-BR"},{"@type":"Organization","@id":"https:\/\/coldskate.com.br\/home\/#organization","name":"Cold Skateboard","url":"https:\/\/coldskate.com.br\/home\/","logo":{"@type":"ImageObject","inLanguage":"pt-BR","@id":"https:\/\/coldskate.com.br\/home\/#\/schema\/logo\/image\/","url":"https:\/\/coldskate.com.br\/home\/wp-content\/uploads\/2022\/05\/cold_mag_FINAL_ALTA.png","contentUrl":"https:\/\/coldskate.com.br\/home\/wp-content\/uploads\/2022\/05\/cold_mag_FINAL_ALTA.png","width":2668,"height":1129,"caption":"Cold Skateboard"},"image":{"@id":"https:\/\/coldskate.com.br\/home\/#\/schema\/logo\/image\/"},"sameAs":["https:\/\/www.facebook.com\/coldskateboard","https:\/\/instagram.com\/instacold","https:\/\/vm.tiktok.com\/ZMLTeqrnV\/?k=1","https:\/\/youtube.com\/channel\/UCQTCHC2Wp7CseSuLugRsGog"]}]}},"_links":{"self":[{"href":"https:\/\/coldskate.com.br\/home\/wp-json\/wp\/v2\/product\/2270","targetHints":{"allow":["GET"]}}],"collection":[{"href":"https:\/\/coldskate.com.br\/home\/wp-json\/wp\/v2\/product"}],"about":[{"href":"https:\/\/coldskate.com.br\/home\/wp-json\/wp\/v2\/types\/product"}],"wp:featuredmedia":[{"embeddable":true,"href":"https:\/\/coldskate.com.br\/home\/wp-json\/wp\/v2\/media\/2280"}],"wp:attachment":[{"href":"https:\/\/coldskate.com.br\/home\/wp-json\/wp\/v2\/media?parent=2270"}],"wp:term":[{"taxonomy":"product_brand","embeddable":true,"href":"https:\/\/coldskate.com.br\/home\/wp-json\/wp\/v2\/product_brand?post=2270"},{"taxonomy":"product_cat","embeddable":true,"href":"https:\/\/coldskate.com.br\/home\/wp-json\/wp\/v2\/product_cat?post=2270"},{"taxonomy":"product_tag","embeddable":true,"href":"https:\/\/coldskate.com.br\/home\/wp-json\/wp\/v2\/product_tag?post=2270"}],"curies":[{"name":"wp","href":"https:\/\/api.w.org\/{rel}","templated":true}]}}